ighest common divisor of 87 and a?
29
Let z be (35/(-21))/(1/(-27)). What is the highest common divisor of 30 and z?
15
Let o(k) = k**2 - 7*k - 5. Let q be o(8). Suppose -q*m - 30 - 27 = -2*w, -2*m - 126 = -4*w. Let n = -1 + 4. Calculate the greatest common divisor of w and n.
3
Let c = -33 + 66. Calculate the greatest common divisor of 132 and c.
33
Let m(n) = -2*n**3 + n**2 + 4*n + 4. Let a be m(-4). Calculate the highest common factor of 12 and a.
12
Suppose 106*m = 107*m - 10. Suppose -2*g = 2*a - 6, -a - 4*a = -5. Calculate the greatest common factor of g and m.
2
Let f(w) = w**3 + 18*w**2 + 15*w + 6. Let t be f(-17). Calculate the highest common divisor of 40 and t.
40
Suppose 0 = 3*m - l - 4*l - 134, 4*m = 4*l + 184. Suppose -4*s + 8*o = 10*o - 64, 3*o = 4*s - 64. What is the highest common divisor of m and s?
16
Suppose -5*u + 14 + 16 = 0. Let z = u - 5. Let i be 9/7 + (-2)/7. What is the greatest common divisor of z and i?
1
Suppose 7*s - 92 = 13. What is the highest common factor of 60 and s?
15
Let k = -13 + 33. Suppose 2*m - 4 = 4. Let a be (1*m)/((-4)/(-10)). Calculate the greatest common divisor of k and a.
10
Let w(x) = -x**3 - 5*x**2 - 3*x + 3. Let q be w(-5). Calculate the greatest common divisor of 12 and q.
6
Let d = 8 - 3. Suppose -235 = -d*z + 5*v, -v = 5*z - 3*z - 88. What is the highest common divisor of 30 and z?
15
Let f be 1 - (-5)/(5/2). Suppose f*d + 3*z = 7*z + 28, 0 = -3*d - 3*z + 42. Calculate the highest common divisor of d and 48.
12
Let f be 60/4 - (-6)/2. Let o = -13 + f. What is the highest common factor of 35 and o?
5
Let i = 20 + -12. Suppose 2*o - i = o. Let t be 4/36 - (2 - 156/54). What is the greatest common divisor of o and t?
1
Let h be (-1)/((-6)/66 - 0). Calculate the highest common factor of h and 352.
11
Let m = 238 + -102. Let z(i) = -i**3 + i**2 + i + 17. Let x be z(0). What is the highest common factor of x and m?
17
Let w be 0 + -2 + (-60)/(-3). Suppose 17 = h - 10. Calculate the highest common factor of w and h.
9
Let n be ((-3)/6)/((-1)/34). What is the highest common divisor of 85 and n?
17
Let i = 22 + -22. Suppose 0 = -3*v - f + 30, -v + 5*f = -i*v - 26. Suppose -45 + 309 = 3*g. What is the highest common factor of g and v?
11
Let k(n) = -166*n + 1. Let i be k(1). Let h = -110 - i. Suppose 4*p - 6*p + 10 = 0. What is the greatest common divisor of h and p?
5
Suppose -9*r + 6*r = 3*o - 42, 4*o = -2*r + 48. Calculate the highest common divisor of o and 90.
10
Suppose 13 = -2*c + 39. Let m = 21 - c. Suppose -3*v = -m*v + 60. Calculate the highest common divisor of v and 72.
12
Let o(a) = -a**3 + 11*a**2 + 2*a - 12. Let y be o(11). Let b = y + -1. Calculate the highest common divisor of 18 and b.
9
Suppose 4*a - 128 = -0*a. Suppose -7*u = -5*u - a. What is the greatest common factor of 8 and u?
8
Let o be (-8)/6*(-24)/16. Suppose -4*h + 170 = -o*t, t + 2*t = h - 35. Suppose 3*z - 14 = 19. Calculate the greatest common divisor of h and z.
11
Suppose -3*j - 3 - 3 = 0. Let u be j - (0 - 1)*6. Suppose 3*i = u*q - 48 - 213, 2*i = -4*q + 246. Calculate the highest common divisor of 7 and q.
7
Suppose -18*b = -4*b - 2450. Let m be (-182)/6 + (-2)/(-6). Let n = m + 55. Calculate the highest common factor of b and n.
25
Suppose -3*s + 4*x - 38 = 0, -4*s + 5*x - 2 = 49. Let d be (-2)/(-7) + (-192)/s. Let p = -6 + d. Calculate the highest common factor of 2 and p.
2
Suppose -2*l + 31 = -109. Let x be -3*(0 - (-10)/(-3)). What is the highest common factor of x and l?
10
Let g(u) = u**3 - u**2 - 2. Let v be g(2). Suppose -3*f + 790 = v*f. Let i be f/2 - (-3 - -5). Calculate the greatest common factor of i and 7.
7
Suppose 20 = -8*k + 28. Calculate the highest common factor of k and 23.
1
Suppose 2*n - 5*n = j - 3, -2*n + 2 = -j. Suppose -3*r + n - 4 = 0. Let u be (-3)/(r + (-9)/(-12)). What is the greatest common divisor of u and 30?
6
Let s(b) = 9*b - 9. Let y be s(3). Calculate the greatest common divisor of y and 144.
18
Let j(s) = 6*s**2 - 14*s + 23. Let m be j(4). What is the greatest common factor of 21 and m?
21
Let s be 4/((-8)/2) - -19. Let w(t) = 2*t**2 - t + 1. Let o be w(1). Let q = 0 + o. Calculate the highest common divisor of s and q.
2
Let w(s) be the third derivative of s**4/12 + s**3/2 - s**2. Let d be w(3). Let b be 6/4 - (-510)/20. Calculate the highest common factor of b and d.
9
Suppose -m - 4 = 0, 32 = 5*a + 2*m - 0. Let x = -2 - -5. Suppose -5*y - 220 = -5*l, 3*l - 2*y - x*y - 140 = 0. Calculate the greatest common factor of l and a.
8
Let q(g) = -g**3 - 17*g**2 - 3*g - 24. Let v be q(-17). Let r be (0 + (-162)/2)*-3. Calculate the greatest common divisor of v and r.
27
Let d be (-3 - 0)*(-3 + 6). Let k be (-12)/10*240/d. Let g be 4*(2 + -3 - -2). Calculate the greatest common divisor of k and g.
4
Suppose 0 = -k - 4 + 13. Let v = 0 + 1. What is the greatest common factor of k and v?
1
Let w(h) = -h**3 - 6*h**2 + 8*h + 22. Let k be w(-10). Calculate the greatest common factor of 38 and k.
38
Let g be 1/2*-6 - -5. Let j be 1/1*-4*-1. Suppose -72 = g*a - j*a. Calculate the highest common factor of 4 and a.
4
Suppose -3*r = t - 423, -120 = -3*r + 2*t + 312. Let g = -222 + r. Let y = -47 - g. Calculate the highest common divisor of 11 and y.
11
Let s = 52 - 42. Calculate the highest common factor of 80 and s.
10
Let y be 20/(-1 + -1)*-4. Suppose v + 3*b + 2 = 0, -3*v - 4*b = -2*b - 8. Let u = v + 4. Calculate the greatest common factor of y and u.
8
Let l(p) = 3*p**2 + 1. Let d be l(1). Let s(a) = 2*a - 6. Let h be s(d). Let m(f) = -11*f - 1. Let o be m(-1). Calculate the greatest common divisor of o and h.
2
Let r(z) = -z**3 - 17*z**2 + 7*z + 17. Let p be r(-13). Let u be (-1)/(-3) + p/(-18). Calculate the highest common factor of u and 14.
14
Let b(r) = 2*r**2 - 4. Let v be b(4). What is the greatest common factor of v and 7?
7
Suppose 2*p + 0*p = 192. Calculate the highest common divisor of 64 and p.
32
Let u(w) = w**3 + 2*w**2 - w - 1. Let h be u(-2). Let z = 14 - 6. Calculate the highest common divisor of h and z.
1
Suppose 11*d = 6*d + 625. What is the highest common divisor of 25 and d?
25
Let d = -13 + 19. Let q(u) = u + 5. Let v be q(d). What is the highest common factor of 88 and v?
11
Let p = 94 + -50. Calculate the greatest common factor of 110 and p.
22
Let f = 41 - 11. Calculate the greatest common divisor of 15 and f.
15
Suppose -4*n + n = 0. Suppose n = -2*q + 10 + 214. What is the highest common factor of q and 16?
16
Let y be (-18)/(-4)*210/5. Calculate the highest common divisor of y and 27.
27
Suppose -95 = -2*k - q, -187 = -4*k + 2*q - 7*q. Calculate the highest common divisor of 24 and k.
24
Let m(u) = 12*u**2 - 1. Let h be m(-1). Suppose 2*s - 129 = -41. What is the highest common factor of s and h?
11
Suppose 4*x = -2*b + 5*x + 55, 3*b - 3*x - 75 = 0. What is the greatest common divisor of 20 and b?
10
Let d(p) = p**2 + 9. Let y be d(-8). Suppose -x = 5*f - y, f - 3 = 5*x - 4. Calculate the greatest common factor of f and 21.
7
Let n(p) = p + 10. Let y be n(-7). Suppose -y*c + 17 = -0*c + 5*t, -2*c + 2*t = -6. Calculate the highest common divisor of c and 20.
4
Let t(g) = -3*g - 4. Let a be t(-3). Suppose -a*v = -v - 60. Let p = 29 - 14. Calculate the greatest common factor of p and v.
15
Let y(u) = 7*u - 5. Let q be y(2). Suppose 0 = -3*a + 171 + 486. Suppose -f = 3*l - a, 3*f = 3*l - 35 - 172. What is the highest common factor of q and l?
9
Suppose -2*s - 2*i = -14, -s - 30 = -5*s - 2*i. What is the greatest common divisor of s and 72?
8
Let k = 1 + 4. Suppose 47 = k*i - 2*b, i + 0*i + 4*b = 27. What is the highest common divisor of i and 22?
11
Let w(i) = 2*i**2 - 10*i - 12. Let g be w(9). What is the greatest common divisor of g and 12?
12
Suppose -2*h - 60 = -3*h. Suppose 7*z - 30 = 4*z. Calculate the highest common factor of z and h.
10
Suppose 0 = 5*z - 14 - 86. Calculate the highest common divisor of z and 8.
4
Let y be (-1676)/(-10) + (1 - (-12)/(-20)). Calculate the highest common factor of 21 and y.
21
Let f(a) = a**2 + 7*a - 8. Let v be f(-14). Let u be (3/2)/(9/60). What is the greatest common factor of u and v?
10
Let w(f) = -8*f**2 + 11*f**3 - 7 - 9*f + 3*f**3 - 15*f**3. Let t be w(-7). Calculate the highest common divisor of t and 1.
1
Let 